mainder when 629 is divided by 43.
27
What is the remainder when 2149 is divided by 39?
4
What is the remainder when 100 is divided by 21?
16
What is the remainder when 462 is divided by 15?
12
Calculate the remainder when 170 is divided by 59.
52
What is the remainder when 584 is divided by 154?
122
Calculate the remainder when 889 is divided by 148.
1
What is the remainder when 90 is divided by 13?
12
Calculate the remainder when 117 is divided by 44.
29
What is the remainder when 129 is divided by 13?
12
What is the remainder when 6400 is divided by 11?
9
What is the remainder when 53 is divided by 19?
15
Calculate the remainder when 576 is divided by 51.
15
What is the remainder when 559 is divided by 70?
69
What is the remainder when 101 is divided by 81?
20
What is the remainder when 181 is divided by 19?
10
Calculate the remainder when 735 is divided by 58.
39
Calculate the remainder when 1335 is divided by 325.
35
What is the remainder when 597 is divided by 75?
72
Calculate the remainder when 26 is divided by 7.
5
What is the remainder when 1024 is divided by 42?
16
What is the remainder when 50 is divided by 19?
12
Calculate the remainder when 399 is divided by 15.
9
What is the remainder when 1285 is divided by 26?
11
What is the remainder when 78 is divided by 34?
10
What is the remainder when 348 is divided by 5?
3
Calculate the remainder when 101 is divided by 8.
5
What is the remainder when 149 is divided by 60?
29
What is the remainder when 1982 is divided by 277?
43
What is the remainder when 142 is divided by 21?
16
What is the remainder when 1203 is divided by 6?
3
What is the remainder when 1677 is divided by 838?
1
Calculate the remainder when 1577 is divided by 79.
76
Calculate the remainder when 20603 is divided by 18.
11
Calculate the remainder when 3176 is divided by 20.
16
Calculate the remainder when 1016 is divided by 8.
0
Calculate the remainder when 301 is divided by 11.
4
What is the remainder when 7438 is divided by 12?
10
Calculate the remainder when 278 is divided by 154.
124
Calculate the remainder when 3053 is divided by 11.
6
What is the remainder when 2630 is divided by 76?
46
What is the remainder when 185 is divided by 11?
9
What is the remainder when 3541 is divided by 9?
4
Calculate the remainder when 20 is divided by 2.
0
Calculate the remainder when 1585 is divided by 122.
121
What is the remainder when 439 is divided by 101?
35
Calculate the remainder when 999 is divided by 498.
3
What is the remainder when 115 is divided by 60?
55
What is the remainder when 72 is divided by 17?
4
What is the remainder when 3930 is divided by 23?
20
Calculate the remainder when 353 is divided by 159.
35
Calculate the remainder when 15 is divided by 4.
3
Calculate the remainder when 3414 is divided by 50.
14
What is the remainder when 664 is divided by 6?
4
Calculate the remainder when 644 is divided by 25.
19
Calculate the remainder when 283 is divided by 76.
55
What is the remainder when 31 is divided by 11?
9
Calculate the remainder when 46 is divided by 22.
2
Calculate the remainder when 1803 is divided by 163.
10
What is the remainder when 39 is divided by 9?
3
What is the remainder when 2757 is divided by 8?
5
Calculate the remainder when 526 is divided by 109.
90
What is the remainder when 83 is divided by 16?
3
Calculate the remainder when 154 is divided by 45.
19
Calculate the remainder when 89 is divided by 19.
13
What is the remainder when 675 is divided by 230?
215
What is the remainder when 667 is divided by 327?
13
What is the remainder when 147 is divided by 23?
9
What is the remainder when 286 is divided by 73?
67
What is the remainder when 70 is divided by 12?
10
What is the remainder when 712 is divided by 85?
32
What is the remainder when 146 is divided by 39?
29
What is the remainder when 680 is divided by 657?
23
What is the remainder when 223 is divided by 162?
61
Calculate the remainder when 1093 is divided by 55.
48
What is the remainder when 414 is divided by 28?
22
What is the remainder when 1306 is divided by 40?
26
What is the remainder when 30 is divided by 21?
9
What is the remainder when 36 is divided by 13?
10
Calculate the remainder when 1862 is divided by 27.
26
What is the remainder when 1356 is divided by 332?
28
What is the remainder when 3905 is divided by 126?
125
Calculate the remainder when 284 is divided by 13.
11
What is the remainder when 358 is divided by 12?
10
Calculate the remainder when 134 is divided by 9.
8
Calculate the remainder when 409 is divided by 130.
19
What is the remainder when 261 is divided by 83?
12
What is the remainder when 412 is divided by 2?
0
Calculate the remainder when 1677 is divided by 28.
25
Calculate the remainder when 4783 is divided by 17.
6
What is the remainder when 125 is divided by 11?
4
What is the remainder when 128 is divided by 38?
14
Calculate the remainder when 823 is divided by 36.
31
What is the remainder when 60 is divided by 47?
13
What is the remainder when 3127 is divided by 97?
23
What is the remainder when 393 is divided by 100?
93
What is the remainder when 1047 is divided by 42?
39
Calculate the remainder when 270 is divided by 32.
14
What is the remainder when 2531 is divided by 317?
312
Calculate the remainder when 178 is divided by 77.
24
Calculate the remainder when 327 is divided by 55.
52
What is the remainder when 859 is divided by 43?
42
What is the remainder when 10833 is divided by 84?
81
Calculate the remainder when 139 is divided by 28.
27
Calculate the remainder when 574 is divided by 64.
62
What is the remainder when 634 is divided by 21?
4
What is the remainder when 3457 is divided by 7?
6
Calculate the remainder when 811 is divided by 123.
73
What is the remainder when 1192 is divided by 310?
262
Calculate the remainder when 680 is divided by 72.
32
Calculate the remainder when 100 is divided by 27.
19
What is the remainder when 491 is divided by 46?
31
What is the remainder when 1222 is divided by 602?
18
Calculate the remainder when 6199 is divided by 10.
9
Calculate the remainder when 1839 is divided by 19.
15
Calculate the remainder when 1526 is divided by 315.
266
Calculate the remainder when 314 is divided by 37.
18
Calculate the remainder when 81 is divided by 42.
39
What is the remainder when 229 is divided by 7?
5
Calculate the remainder when 68 is divided by 18.
14
Calculate the remainder when 177 is divided by 36.
33
Calculate the remainder when 3551 is divided by 54.
41
What is the remainder when 452 is divided by 116?
104
Calculate the remainder when 229 is divided by 105.
19
What is the remainder when 121 is divided by 49?
23
Calculate the remainder when 241 is divided by 70.
31
What is the remainder when 415 is divided by 20?
15
What is the remainder when 28 is divided by 8?
4
Calculate the remainder when 618 is divided by 61.
8
Calculate the remainder when 67 is divided by 17.
16
What is the remainder when 519 is divided by 10?
9
What is the remainder when 566 is divided by 57?
53
Calculate the remainder when 29 is divided by 26.
3
What is the remainder when 851 is divided by 72?
59
What is the remainder when 7139 is divided by 68?
67
What is the remainder when 2341 is divided by 336?
325
What is the remainder when 1608 is divided by 70?
68
Calculate the remainder when 836 is divided by 30.
26
Calculate the remainder when 807 is divided by 48.
39
Calculate the remainder when 124 is divided by 18.
16
What is the remainder when 34 is divided by 32?
2
What is the remainder when 15804 is divided by 26?
22
What is the remainder when 209 is divided by 80?
49
What is the remainder when 1733 is divided by 576?
5
What is the remainder when 100 is divided by 17?
15
Calculate the remainder when 6035 is divided by 61.
57
Calculate the remainder when 442 is divided by 89.
86
What is the remainder when 165 is divided by 85?
80
What is the remainder when 219 is divided by 56?
51
What is the remainder when 22 is divided by 8?
6
What is the remainder when 58 is divided by 10?
8
What is the remainder when 383 is divided by 93?
11
Calculate the remainder when 504 is divided by 488.
16
Calculate the remainder when 417 is divided by 206.
5
What is the remainder when 2338 is divided by 195?
193
What is the